{"id":29,"date":"2025-09-30T17:15:33","date_gmt":"2025-09-30T15:15:33","guid":{"rendered":"https:\/\/www.damoretaxi.ch\/index.php\/home\/"},"modified":"2026-03-26T23:28:22","modified_gmt":"2026-03-26T21:28:22","slug":"home","status":"publish","type":"page","link":"https:\/\/www.damoretaxi.ch\/","title":{"rendered":"Home"},"content":{"rendered":"\t\t<div data-elementor-type=\"wp-page\" data-elementor-id=\"29\" class=\"elementor elementor-29\" data-elementor-post-type=\"page\">\n\t\t\t\t<header class=\"elementor-element elementor-element-645b9682 e-flex e-con-boxed e-con e-parent\" data-id=\"645b9682\" data-element_type=\"container\" data-e-type=\"container\" data-settings=\"{&quot;background_background&quot;:&quot;classic&quot;}\">\n\t\t\t\t\t<div class=\"e-con-inner\">\n\t\t<div class=\"elementor-element elementor-element-61223068 e-con-full e-flex e-con e-child\" data-id=\"61223068\" data-element_type=\"container\" data-e-type=\"container\">\n\t\t\t\t<div class=\"elementor-element elementor-element-4405f504 elementor-widget elementor-widget-heading\" data-id=\"4405f504\" data-element_type=\"widget\" data-e-type=\"widget\" data-widget_type=\"heading.default\">\n\t\t\t\t\t<p class=\"elementor-heading-title elementor-size-default\">Immer da, wenn du uns brauchst.<\/p>\t\t\t\t<\/div>\n\t\t\t\t<\/div>\n\t\t<div class=\"elementor-element elementor-element-401303ed e-con-full e-flex e-con e-child\" data-id=\"401303ed\" data-element_type=\"container\" data-e-type=\"container\">\n\t\t\t\t<div class=\"elementor-element elementor-element-71dba0a7 elementor-align-end elementor-icon-list--layout-traditional elementor-list-item-link-full_width elementor-widget elementor-widget-icon-list\" data-id=\"71dba0a7\" data-element_type=\"widget\" data-e-type=\"widget\" data-widget_type=\"icon-list.default\">\n\t\t\t\t\t\t\t<ul class=\"elementor-icon-list-items\">\n\t\t\t\t\t\t\t<li class=\"elementor-icon-list-item\">\n\t\t\t\t\t\t\t\t\t\t\t<a href=\"tel:123-456-7890\">\n\n\t\t\t\t\t\t\t\t\t\t\t\t<span class=\"elementor-icon-list-icon\">\n\t\t\t\t\t\t\t<svg xmlns=\"http:\/\/www.w3.org\/2000\/svg\" id=\"bca8668a-c1a7-45ca-a09b-aba638241546\" data-name=\"Layer 1\" width=\"14.9685\" height=\"15\" viewBox=\"0 0 14.9685 15\"><path d=\"M14.576,11.0085,12.4827,8.9152a1.3923,1.3923,0,0,0-2.3176.5233,1.4244,1.4244,0,0,1-1.6447.8971A6.455,6.455,0,0,1,4.6328,6.4481,1.3551,1.3551,0,0,1,5.53,4.8033a1.3922,1.3922,0,0,0,.5233-2.3175L3.96.3925a1.4929,1.4929,0,0,0-2.0185,0l-1.42,1.42C-.8994,3.3082.6705,7.27,4.1843,10.7842s7.476,5.1585,8.9712,3.6633L14.576,13.027A1.4931,1.4931,0,0,0,14.576,11.0085Z\" transform=\"translate(0 0)\"><\/path><\/svg>\t\t\t\t\t\t<\/span>\n\t\t\t\t\t\t\t\t\t\t<span class=\"elementor-icon-list-text\">078 250 65 55<\/span>\n\t\t\t\t\t\t\t\t\t\t\t<\/a>\n\t\t\t\t\t\t\t\t\t<\/li>\n\t\t\t\t\t\t<\/ul>\n\t\t\t\t\t\t<\/div>\n\t\t\t\t<\/div>\n\t\t\t\t\t<\/div>\n\t\t\t\t<\/header>\n\t\t<div class=\"elementor-element elementor-element-58ea5efe e-flex e-con-boxed e-con e-parent\" data-id=\"58ea5efe\" data-element_type=\"container\" data-e-type=\"container\" data-settings=\"{&quot;background_background&quot;:&quot;classic&quot;}\">\n\t\t\t\t\t<div class=\"e-con-inner\">\n\t\t\t\t<div class=\"elementor-element elementor-element-1f5b50ab elementor-widget elementor-widget-heading\" data-id=\"1f5b50ab\" data-element_type=\"widget\" data-e-type=\"widget\" data-widget_type=\"heading.default\">\n\t\t\t\t\t<h1 class=\"elementor-heading-title elementor-size-default\">Zuverl\u00e4ssig unterwegs, jederzeit.<\/h1>\t\t\t\t<\/div>\n\t\t\t\t\t<\/div>\n\t\t\t\t<\/div>\n\t\t<div class=\"elementor-element elementor-element-46f5b123 e-con-full e-flex e-con e-parent\" data-id=\"46f5b123\" data-element_type=\"container\" data-e-type=\"container\" data-settings=\"{&quot;background_background&quot;:&quot;classic&quot;}\">\n\t\t<div class=\"elementor-element elementor-element-5f485e2a e-con-full e-flex e-con e-child\" data-id=\"5f485e2a\" data-element_type=\"container\" data-e-type=\"container\">\n\t\t\t\t<div class=\"elementor-element elementor-element-256db999 elementor-widget elementor-widget-heading\" data-id=\"256db999\" data-element_type=\"widget\" data-e-type=\"widget\" id=\"regionalefahrten\" data-widget_type=\"heading.default\">\n\t\t\t\t\t<h2 class=\"elementor-heading-title elementor-size-default\">Regionale Fahrten<\/h2>\t\t\t\t<\/div>\n\t\t\t\t<div class=\"elementor-element elementor-element-1c78841a elementor-widget elementor-widget-text-editor\" data-id=\"1c78841a\" data-element_type=\"widget\" data-e-type=\"widget\" data-widget_type=\"text-editor.default\">\n\t\t\t\t\t\t\t\t\t<p data-start=\"108\" data-end=\"348\">Ob kurze Strecken, Eink\u00e4ufe oder Termine \u2013 mit D&#8217;Amore Taxi sind Sie in Ihrer Region jederzeit zuverl\u00e4ssig unterwegs. Wir bringen Sie schnell, sicher und komfortabel ans Ziel. Flexibel buchbar und stets in Ihrer N\u00e4he.<\/p>\t\t\t\t\t\t\t\t<\/div>\n\t\t\t\t<\/div>\n\t\t<div class=\"elementor-element elementor-element-72ec3a95 e-con-full e-flex e-con e-child\" data-id=\"72ec3a95\" data-element_type=\"container\" data-e-type=\"container\">\n\t\t\t\t<div class=\"elementor-element elementor-element-5972b5f elementor-widget elementor-widget-image\" data-id=\"5972b5f\" data-element_type=\"widget\" data-e-type=\"widget\" data-widget_type=\"image.default\">\n\t\t\t\t\t\t\t\t\t\t\t\t\t\t\t<img fetchpriority=\"high\" decoding=\"async\" width=\"1024\" height=\"683\" src=\"https:\/\/www.damoretaxi.ch\/wp-content\/uploads\/2026\/03\/ChatGPT-Image-17.-Maerz-2026-21_52_34-1024x683.png\" class=\"attachment-large size-large wp-image-149\" alt=\"\" srcset=\"https:\/\/www.damoretaxi.ch\/wp-content\/uploads\/2026\/03\/ChatGPT-Image-17.-Maerz-2026-21_52_34-1024x683.png 1024w, https:\/\/www.damoretaxi.ch\/wp-content\/uploads\/2026\/03\/ChatGPT-Image-17.-Maerz-2026-21_52_34-300x200.png 300w, https:\/\/www.damoretaxi.ch\/wp-content\/uploads\/2026\/03\/ChatGPT-Image-17.-Maerz-2026-21_52_34-768x512.png 768w, https:\/\/www.damoretaxi.ch\/wp-content\/uploads\/2026\/03\/ChatGPT-Image-17.-Maerz-2026-21_52_34-800x533.png 800w, https:\/\/www.damoretaxi.ch\/wp-content\/uploads\/2026\/03\/ChatGPT-Image-17.-Maerz-2026-21_52_34.png 1536w\" sizes=\"(max-width: 1024px) 100vw, 1024px\" \/>\t\t\t\t\t\t\t\t\t\t\t\t\t\t\t<\/div>\n\t\t\t\t<\/div>\n\t\t\t\t<\/div>\n\t\t<div class=\"elementor-element elementor-element-442baa93 e-con-full e-flex e-con e-parent\" data-id=\"442baa93\" data-element_type=\"container\" data-e-type=\"container\" data-settings=\"{&quot;background_background&quot;:&quot;classic&quot;}\">\n\t\t<div class=\"elementor-element elementor-element-41a304ad e-con-full e-flex e-con e-child\" data-id=\"41a304ad\" data-element_type=\"container\" data-e-type=\"container\">\n\t\t\t\t<div class=\"elementor-element elementor-element-4251b28f elementor-widget elementor-widget-heading\" data-id=\"4251b28f\" data-element_type=\"widget\" data-e-type=\"widget\" id=\"flughafentransfer\" data-widget_type=\"heading.default\">\n\t\t\t\t\t<h2 class=\"elementor-heading-title elementor-size-default\">Flughafentransfer<\/h2>\t\t\t\t<\/div>\n\t\t\t\t<div class=\"elementor-element elementor-element-5928ff09 elementor-widget elementor-widget-text-editor\" data-id=\"5928ff09\" data-element_type=\"widget\" data-e-type=\"widget\" data-widget_type=\"text-editor.default\">\n\t\t\t\t\t\t\t\t\t<p>Mit D&#8217;Amore Taxi reisen Sie entspannt zum Flughafen und wieder zur\u00fcck. Wir holen Sie p\u00fcnktlich ab, k\u00fcmmern uns um eine stressfreie Fahrt und bringen Sie zuverl\u00e4ssig ans Ziel \u2013 egal ob fr\u00fch morgens oder sp\u00e4t abends. Lehnen Sie sich zur\u00fcck, wir \u00fcbernehmen den Rest.<\/p>\t\t\t\t\t\t\t\t<\/div>\n\t\t\t\t<\/div>\n\t\t<div class=\"elementor-element elementor-element-699fdbc9 e-con-full e-flex e-con e-child\" data-id=\"699fdbc9\" data-element_type=\"container\" data-e-type=\"container\">\n\t\t\t\t<div class=\"elementor-element elementor-element-3992c1e5 elementor-widget elementor-widget-image\" data-id=\"3992c1e5\" data-element_type=\"widget\" data-e-type=\"widget\" data-widget_type=\"image.default\">\n\t\t\t\t\t\t\t\t\t\t\t\t\t\t\t<img decoding=\"async\" width=\"768\" height=\"512\" src=\"https:\/\/www.damoretaxi.ch\/wp-content\/uploads\/2026\/03\/ChatGPT-Image-17.-Maerz-2026-21_51_24-768x512.png\" class=\"attachment-medium_large size-medium_large wp-image-148\" alt=\"\" srcset=\"https:\/\/www.damoretaxi.ch\/wp-content\/uploads\/2026\/03\/ChatGPT-Image-17.-Maerz-2026-21_51_24-768x512.png 768w, https:\/\/www.damoretaxi.ch\/wp-content\/uploads\/2026\/03\/ChatGPT-Image-17.-Maerz-2026-21_51_24-300x200.png 300w, https:\/\/www.damoretaxi.ch\/wp-content\/uploads\/2026\/03\/ChatGPT-Image-17.-Maerz-2026-21_51_24-1024x683.png 1024w, https:\/\/www.damoretaxi.ch\/wp-content\/uploads\/2026\/03\/ChatGPT-Image-17.-Maerz-2026-21_51_24-800x533.png 800w, https:\/\/www.damoretaxi.ch\/wp-content\/uploads\/2026\/03\/ChatGPT-Image-17.-Maerz-2026-21_51_24.png 1536w\" sizes=\"(max-width: 768px) 100vw, 768px\" \/>\t\t\t\t\t\t\t\t\t\t\t\t\t\t\t<\/div>\n\t\t\t\t<\/div>\n\t\t\t\t<\/div>\n\t\t<div class=\"elementor-element elementor-element-25ecfc0d e-con-full e-flex e-con e-parent\" data-id=\"25ecfc0d\" data-element_type=\"container\" data-e-type=\"container\" data-settings=\"{&quot;background_background&quot;:&quot;classic&quot;}\">\n\t\t<div class=\"elementor-element elementor-element-5ffd4842 e-con-full e-flex e-con e-child\" data-id=\"5ffd4842\" data-element_type=\"container\" data-e-type=\"container\">\n\t\t\t\t<div class=\"elementor-element elementor-element-4dce0138 elementor-widget elementor-widget-heading\" data-id=\"4dce0138\" data-element_type=\"widget\" data-e-type=\"widget\" id=\"abofahrten\" data-widget_type=\"heading.default\">\n\t\t\t\t\t<h2 class=\"elementor-heading-title elementor-size-default\">Abo-Fahrten<\/h2>\t\t\t\t<\/div>\n\t\t\t\t<div class=\"elementor-element elementor-element-62111bd elementor-widget elementor-widget-text-editor\" data-id=\"62111bd\" data-element_type=\"widget\" data-e-type=\"widget\" data-widget_type=\"text-editor.default\">\n\t\t\t\t\t\t\t\t\t<p data-start=\"81\" data-end=\"331\">Regelm\u00e4ssig unterwegs? Mit unseren Abo Fahrten bieten wir Ihnen eine zuverl\u00e4ssige und planbare L\u00f6sung f\u00fcr Ihren Alltag. Ob Arbeitsweg, Schule oder feste Termine \u2013 wir fahren Sie p\u00fcnktlich und komfortabel zu Ihren gew\u00fcnschten Zeiten.<\/p>\t\t\t\t\t\t\t\t<\/div>\n\t\t\t\t<\/div>\n\t\t<div class=\"elementor-element elementor-element-7b511f67 e-con-full e-flex e-con e-child\" data-id=\"7b511f67\" data-element_type=\"container\" data-e-type=\"container\">\n\t\t\t\t<div class=\"elementor-element elementor-element-8929b9e elementor-widget elementor-widget-image\" data-id=\"8929b9e\" data-element_type=\"widget\" data-e-type=\"widget\" data-widget_type=\"image.default\">\n\t\t\t\t\t\t\t\t\t\t\t\t\t\t\t<img decoding=\"async\" width=\"1024\" height=\"683\" src=\"https:\/\/www.damoretaxi.ch\/wp-content\/uploads\/2026\/03\/ChatGPT-Image-17.-Maerz-2026-21_48_41-1024x683.png\" class=\"attachment-large size-large wp-image-146\" alt=\"\" srcset=\"https:\/\/www.damoretaxi.ch\/wp-content\/uploads\/2026\/03\/ChatGPT-Image-17.-Maerz-2026-21_48_41-1024x683.png 1024w, https:\/\/www.damoretaxi.ch\/wp-content\/uploads\/2026\/03\/ChatGPT-Image-17.-Maerz-2026-21_48_41-300x200.png 300w, https:\/\/www.damoretaxi.ch\/wp-content\/uploads\/2026\/03\/ChatGPT-Image-17.-Maerz-2026-21_48_41-768x512.png 768w, https:\/\/www.damoretaxi.ch\/wp-content\/uploads\/2026\/03\/ChatGPT-Image-17.-Maerz-2026-21_48_41-800x533.png 800w, https:\/\/www.damoretaxi.ch\/wp-content\/uploads\/2026\/03\/ChatGPT-Image-17.-Maerz-2026-21_48_41.png 1536w\" sizes=\"(max-width: 1024px) 100vw, 1024px\" \/>\t\t\t\t\t\t\t\t\t\t\t\t\t\t\t<\/div>\n\t\t\t\t<\/div>\n\t\t\t\t<\/div>\n\t\t<div class=\"elementor-element elementor-element-f034364 e-con-full e-flex e-con e-parent\" data-id=\"f034364\" data-element_type=\"container\" data-e-type=\"container\" data-settings=\"{&quot;background_background&quot;:&quot;classic&quot;}\">\n\t\t<div class=\"elementor-element elementor-element-8daea71 e-con-full e-flex e-con e-child\" data-id=\"8daea71\" data-element_type=\"container\" data-e-type=\"container\">\n\t\t\t\t<div class=\"elementor-element elementor-element-7cda584 elementor-widget elementor-widget-heading\" data-id=\"7cda584\" data-element_type=\"widget\" data-e-type=\"widget\" id=\"personentransfer\" data-widget_type=\"heading.default\">\n\t\t\t\t\t<h2 class=\"elementor-heading-title elementor-size-default\">Personentransfer<\/h2>\t\t\t\t<\/div>\n\t\t\t\t<div class=\"elementor-element elementor-element-99f5855 elementor-widget elementor-widget-text-editor\" data-id=\"99f5855\" data-element_type=\"widget\" data-e-type=\"widget\" data-widget_type=\"text-editor.default\">\n\t\t\t\t\t\t\t\t\t<p>D&#8217;Amore Taxi bringt Sie sicher und komfortabel ans Ziel. Ob Einzelpersonen oder Gruppen \u2013 wir bieten flexible Fahrten f\u00fcr jede Gelegenheit. Zuverl\u00e4ssig, diskret und jederzeit f\u00fcr Sie im Einsatz.<\/p>\t\t\t\t\t\t\t\t<\/div>\n\t\t\t\t<\/div>\n\t\t<div class=\"elementor-element elementor-element-e7f3288 e-con-full e-flex e-con e-child\" data-id=\"e7f3288\" data-element_type=\"container\" data-e-type=\"container\">\n\t\t\t\t<div class=\"elementor-element elementor-element-1e37595 elementor-widget elementor-widget-image\" data-id=\"1e37595\" data-element_type=\"widget\" data-e-type=\"widget\" data-widget_type=\"image.default\">\n\t\t\t\t\t\t\t\t\t\t\t\t\t\t\t<img loading=\"lazy\" decoding=\"async\" width=\"1024\" height=\"683\" src=\"https:\/\/www.damoretaxi.ch\/wp-content\/uploads\/2026\/03\/ChatGPT-Image-17.-Maerz-2026-21_50_20-1024x683.png\" class=\"attachment-large size-large wp-image-147\" alt=\"\" srcset=\"https:\/\/www.damoretaxi.ch\/wp-content\/uploads\/2026\/03\/ChatGPT-Image-17.-Maerz-2026-21_50_20-1024x683.png 1024w, https:\/\/www.damoretaxi.ch\/wp-content\/uploads\/2026\/03\/ChatGPT-Image-17.-Maerz-2026-21_50_20-300x200.png 300w, https:\/\/www.damoretaxi.ch\/wp-content\/uploads\/2026\/03\/ChatGPT-Image-17.-Maerz-2026-21_50_20-768x512.png 768w, https:\/\/www.damoretaxi.ch\/wp-content\/uploads\/2026\/03\/ChatGPT-Image-17.-Maerz-2026-21_50_20-800x533.png 800w, https:\/\/www.damoretaxi.ch\/wp-content\/uploads\/2026\/03\/ChatGPT-Image-17.-Maerz-2026-21_50_20.png 1536w\" sizes=\"(max-width: 1024px) 100vw, 1024px\" \/>\t\t\t\t\t\t\t\t\t\t\t\t\t\t\t<\/div>\n\t\t\t\t<\/div>\n\t\t\t\t<\/div>\n\t\t<div class=\"elementor-element elementor-element-4553e58 e-con-full e-flex e-con e-parent\" data-id=\"4553e58\" data-element_type=\"container\" data-e-type=\"container\" data-settings=\"{&quot;background_background&quot;:&quot;classic&quot;}\">\n\t\t<div class=\"elementor-element elementor-element-db86c60 e-con-full e-flex e-con e-child\" data-id=\"db86c60\" data-element_type=\"container\" data-e-type=\"container\">\n\t\t\t\t<div class=\"elementor-element elementor-element-e8a18b5 elementor-widget elementor-widget-heading\" data-id=\"e8a18b5\" data-element_type=\"widget\" data-e-type=\"widget\" id=\"einkaufsfahrten\" data-widget_type=\"heading.default\">\n\t\t\t\t\t<h2 class=\"elementor-heading-title elementor-size-default\">Einkaufsfahrten<\/h2>\t\t\t\t<\/div>\n\t\t\t\t<div class=\"elementor-element elementor-element-6698a0b elementor-widget elementor-widget-text-editor\" data-id=\"6698a0b\" data-element_type=\"widget\" data-e-type=\"widget\" data-widget_type=\"text-editor.default\">\n\t\t\t\t\t\t\t\t\t<p data-start=\"58\" data-end=\"325\">Mit D&#8217;Amore Taxi erledigen Sie Ihre Eink\u00e4ufe bequem und stressfrei. Wir bringen Sie zum gew\u00fcnschten Gesch\u00e4ft und helfen Ihnen auf Wunsch auch mit dem Transport Ihrer Eink\u00e4ufe. Schnell, unkompliziert und zuverl\u00e4ssig \u2013 f\u00fcr einen entspannten Alltag.<\/p>\t\t\t\t\t\t\t\t<\/div>\n\t\t\t\t<\/div>\n\t\t<div class=\"elementor-element elementor-element-d520bec e-con-full e-flex e-con e-child\" data-id=\"d520bec\" data-element_type=\"container\" data-e-type=\"container\">\n\t\t\t\t<div class=\"elementor-element elementor-element-3a70bc7 elementor-widget elementor-widget-image\" data-id=\"3a70bc7\" data-element_type=\"widget\" data-e-type=\"widget\" data-widget_type=\"image.default\">\n\t\t\t\t\t\t\t\t\t\t\t\t\t\t\t<img loading=\"lazy\" decoding=\"async\" width=\"1024\" height=\"683\" src=\"https:\/\/www.damoretaxi.ch\/wp-content\/uploads\/2026\/03\/ChatGPT-Image-17.-Maerz-2026-21_54_28-1-1024x683.png\" class=\"attachment-large size-large wp-image-151\" alt=\"\" srcset=\"https:\/\/www.damoretaxi.ch\/wp-content\/uploads\/2026\/03\/ChatGPT-Image-17.-Maerz-2026-21_54_28-1-1024x683.png 1024w, https:\/\/www.damoretaxi.ch\/wp-content\/uploads\/2026\/03\/ChatGPT-Image-17.-Maerz-2026-21_54_28-1-300x200.png 300w, https:\/\/www.damoretaxi.ch\/wp-content\/uploads\/2026\/03\/ChatGPT-Image-17.-Maerz-2026-21_54_28-1-768x512.png 768w, https:\/\/www.damoretaxi.ch\/wp-content\/uploads\/2026\/03\/ChatGPT-Image-17.-Maerz-2026-21_54_28-1-800x533.png 800w, https:\/\/www.damoretaxi.ch\/wp-content\/uploads\/2026\/03\/ChatGPT-Image-17.-Maerz-2026-21_54_28-1.png 1536w\" sizes=\"(max-width: 1024px) 100vw, 1024px\" \/>\t\t\t\t\t\t\t\t\t\t\t\t\t\t\t<\/div>\n\t\t\t\t<\/div>\n\t\t\t\t<\/div>\n\t\t<div class=\"elementor-element elementor-element-8b74ef3 e-flex e-con-boxed e-con e-parent\" data-id=\"8b74ef3\" data-element_type=\"container\" data-e-type=\"container\">\n\t\t\t\t\t<div class=\"e-con-inner\">\n\t\t\t\t<div class=\"elementor-element elementor-element-1850f0d elementor-widget elementor-widget-html\" data-id=\"1850f0d\" data-element_type=\"widget\" data-e-type=\"widget\" data-widget_type=\"html.default\">\n\t\t\t\t\t<footer class=\"damore-footer\">\r\n\r\n  <div class=\"footer-content\">\r\n\r\n    <div class=\"footer-left\">\r\n      <h3>D'Amore Taxi<\/h3>\r\n      <p>Zuverl\u00e4ssig. Schnell. Regional.<\/p>\r\n    <\/div>\r\n\r\n    <div class=\"footer-middle\">\r\n      <h4>Kontakt<\/h4>\r\n      <p><a href=\"tel:+41782506555\">+41 78 250 65 55<\/a><\/p>\r\n      <p><a href=\"https:\/\/wa.me\/41782506555\" target=\"_blank\">WhatsApp<\/a><\/p>\r\n    <\/div>\r\n\r\n    <div class=\"footer-right\">\r\n      <h4>Zahlung<\/h4>\r\n      <div class=\"payment-icons\">\r\n        <span class=\"pay\">TWINT<\/span>\r\n        <span class=\"pay\">VISA<\/span>\r\n        <span class=\"pay\">MASTERCARD<\/span>\r\n        <span class=\"pay\">BAR<\/span>\r\n      <\/div>\r\n    <\/div>\r\n\r\n  <\/div>\r\n\r\n  <div class=\"footer-bottom\">\r\n    <p>\u00a9 2026 D'Amore Taxi \u2013 Alle Rechte vorbehalten<\/p>\r\n  <\/div>\r\n\r\n<\/footer>\t\t\t\t<\/div>\n\t\t\t\t\t<\/div>\n\t\t\t\t<\/div>\n\t\t\t\t<\/div>\n\t\t","protected":false},"excerpt":{"rendered":"<p>Immer da, wenn du uns brauchst. 078 250 65 55 Zuverl\u00e4ssig unterwegs, jederzeit. Regionale Fahrten Ob kurze Strecken, Eink\u00e4ufe oder Termine \u2013 mit D&#8217;Amore Taxi sind Sie in Ihrer Region jederzeit zuverl\u00e4ssig unterwegs. Wir bringen Sie schnell, sicher und komfortabel ans Ziel. Flexibel buchbar und stets in Ihrer N\u00e4he. Flughafentransfer Mit D&#8217;Amore Taxi reisen Sie [&hellip;]<\/p>\n","protected":false},"author":1,"featured_media":0,"parent":0,"menu_order":0,"comment_status":"closed","ping_status":"closed","template":"elementor_header_footer","meta":{"footnotes":""},"class_list":["post-29","page","type-page","status-publish","hentry","entry"],"_links":{"self":[{"href":"https:\/\/www.damoretaxi.ch\/index.php\/wp-json\/wp\/v2\/pages\/29","targetHints":{"allow":["GET"]}}],"collection":[{"href":"https:\/\/www.damoretaxi.ch\/index.php\/wp-json\/wp\/v2\/pages"}],"about":[{"href":"https:\/\/www.damoretaxi.ch\/index.php\/wp-json\/wp\/v2\/types\/page"}],"author":[{"embeddable":true,"href":"https:\/\/www.damoretaxi.ch\/index.php\/wp-json\/wp\/v2\/users\/1"}],"replies":[{"embeddable":true,"href":"https:\/\/www.damoretaxi.ch\/index.php\/wp-json\/wp\/v2\/comments?post=29"}],"version-history":[{"count":58,"href":"https:\/\/www.damoretaxi.ch\/index.php\/wp-json\/wp\/v2\/pages\/29\/revisions"}],"predecessor-version":[{"id":247,"href":"https:\/\/www.damoretaxi.ch\/index.php\/wp-json\/wp\/v2\/pages\/29\/revisions\/247"}],"wp:attachment":[{"href":"https:\/\/www.damoretaxi.ch\/index.php\/wp-json\/wp\/v2\/media?parent=29"}],"curies":[{"name":"wp","href":"https:\/\/api.w.org\/{rel}","templated":true}]}}